{"id":328,"date":"2026-02-21T15:03:34","date_gmt":"2026-02-21T15:03:34","guid":{"rendered":"https:\/\/desdesign.es\/?page_id=328"},"modified":"2026-02-21T15:39:13","modified_gmt":"2026-02-21T15:39:13","slug":"politica-de-privacidad","status":"publish","type":"page","link":"https:\/\/desdesign.es\/index.php\/politica-de-privacidad\/","title":{"rendered":"Pol\u00edtica de privacidad"},"content":{"rendered":"<div class=\"et_pb_section_0 et_pb_section et_section_regular et_block_section\">\n<div class=\"et_pb_row_0 et_pb_row et_block_row\">\n<div class=\"et_pb_column_0 et_pb_column et_pb_column_4_4 et-last-child et_block_column et_pb_css_mix_blend_mode_passthrough\">\n<div class=\"et_pb_text_0 et_pb_text et_pb_bg_layout_light et_pb_module et_flex_module\"><div class=\"et_pb_text_inner\"><p>Pol\u00edtica de privacidad<\/p>\n<\/div><\/div>\n\n<div class=\"et_pb_text_1 et_pb_text et_pb_bg_layout_light et_pb_module et_flex_module\"><div class=\"et_pb_text_inner\"><p class=\"texto_destacado\">1. Responsable del tratamiento<\/p>\n<p>PartStudio LLC<br \/>\nDirecci\u00f3n: 3442, 1603 Capitol Avenue, Suite 413, Cheyenne, WY, Laramie, US, 82001<br \/>\nEmail de contacto: hola@desdesign.es<br \/>\nSitio web: https:\/\/desdesign.es\/<\/p>\n<p>PartStudio LLC act\u00faa como responsable de la web y garantiza el cumplimiento de la normativa aplicable en materia de protecci\u00f3n de datos, incluyendo el Reglamento (UE) 2016\/679 (RGPD) y la Ley Org\u00e1nica 3\/2018 (LOPDGDD).<\/p>\n<\/div><\/div>\n\n<div class=\"et_pb_divider_0 et_pb_divider et_pb_space et_pb_divider_position_top et_pb_module\"><div class=\"et_pb_divider_internal\"><\/div><\/div>\n\n<div class=\"et_pb_text_2 et_pb_text et_pb_bg_layout_light et_pb_module et_flex_module\"><div class=\"et_pb_text_inner\"><p class=\"texto_destacado\">2. Datos que recopilamos<\/p>\n<p>La web no dispone de formularios, pero pueden recopilarse datos de manera autom\u00e1tica a trav\u00e9s de:<\/p>\n<p>2.1. Cookies t\u00e9cnicas y de funcionamiento:<\/p>\n<ul>\n<li>Datos de navegaci\u00f3n<\/li>\n<li>Direcci\u00f3n IP<\/li>\n<li>Identificadores del dispositivo<\/li>\n<li>Informaci\u00f3n sobre el sistema operativo y el navegador<\/li>\n<\/ul>\n<p>2.2. Contacto por email: Si el usuario contacta por email, voluntariamente puede proporcionarnos:<\/p>\n<ul>\n<li>Nombre<\/li>\n<li>Email<\/li>\n<li>Informaci\u00f3n relacionada con la consulta o solicitud<\/li>\n<\/ul>\n<\/div><\/div>\n\n<div class=\"et_pb_divider_1 et_pb_divider et_pb_space et_pb_divider_position_top et_pb_module\"><div class=\"et_pb_divider_internal\"><\/div><\/div>\n\n<div class=\"et_pb_text_3 et_pb_text et_pb_bg_layout_light et_pb_module et_flex_module\"><div class=\"et_pb_text_inner\"><p class=\"texto_destacado\">3. Finalidad del tratamiento<\/p>\n<p>Los datos se tratar\u00e1n con las siguientes finalidades:<\/p>\n<ul>\n<li>Atender solicitudes recibidas por email.<\/li>\n<li>Realizar tareas administrativas derivadas de la prestaci\u00f3n de servicios.<\/li>\n<li>Garantizar el correcto funcionamiento t\u00e9cnico del sitio web.<\/li>\n<li>Realizar estad\u00edsticas b\u00e1sicas de uso (solo si se usan cookies anal\u00edticas y con consentimiento).<\/li>\n<\/ul>\n<p>No se toman decisiones automatizadas ni se elaboran perfiles personalizados.<\/p>\n<\/div><\/div>\n\n<div class=\"et_pb_divider_2 et_pb_divider et_pb_space et_pb_divider_position_top et_pb_module\"><div class=\"et_pb_divider_internal\"><\/div><\/div>\n\n<div class=\"et_pb_text_4 et_pb_text et_pb_bg_layout_light et_pb_module et_flex_module\"><div class=\"et_pb_text_inner\"><p class=\"texto_destacado\">4. Base legal del tratamiento<\/p>\n<p>De acuerdo con el RGPD, la base legal aplicable es:<\/p>\n<ul>\n<li>Consentimiento cuando el usuario contacta voluntariamente por email.<\/li>\n<li>Inter\u00e9s leg\u00edtimo: garantizar la seguridad y correcto funcionamiento t\u00e9cnico del sitio web.<\/li>\n<li>Cumplimiento de obligaciones legales: en caso de relaci\u00f3n contractual o facturaci\u00f3n.<\/li>\n<\/ul>\n<\/div><\/div>\n\n<div class=\"et_pb_divider_3 et_pb_divider et_pb_space et_pb_divider_position_top et_pb_module\"><div class=\"et_pb_divider_internal\"><\/div><\/div>\n\n<div class=\"et_pb_text_5 et_pb_text et_pb_bg_layout_light et_pb_module et_flex_module\"><div class=\"et_pb_text_inner\"><p class=\"texto_destacado\">5. Conservaci\u00f3n de los datos<\/p>\n<ul>\n<li>Emails y consultas: hasta 12 meses.<\/li>\n<li>Datos administrativos: duraci\u00f3n de la relaci\u00f3n contractual y el periodo legal correspondiente.<\/li>\n<li>Cookies: seg\u00fan el plazo establecido en la Pol\u00edtica de Cookies.<\/li>\n<\/ul>\n<\/div><\/div>\n\n<div class=\"et_pb_divider_4 et_pb_divider et_pb_space et_pb_divider_position_top et_pb_module\"><div class=\"et_pb_divider_internal\"><\/div><\/div>\n\n<div class=\"et_pb_text_6 et_pb_text et_pb_bg_layout_light et_pb_module et_flex_module\"><div class=\"et_pb_text_inner\"><p class=\"texto_destacado\">6. Destinatarios de los datos<\/p>\n<p>Podr\u00e1n acceder a los datos \u00fanicamente:<\/p>\n<ul>\n<li>Proveedores de hosting y servicios tecnol\u00f3gicos.<\/li>\n<li>Servicios de correo electr\u00f3nico.<\/li>\n<li>Asesor\u00eda contable (solo en caso de relaci\u00f3n contractual).<\/li>\n<p>Todos ellos garantizan el cumplimiento del RGPD.<\/p>\n<p>No se realizan transferencias internacionales de datos, salvo las imprescindibles derivadas de proveedores ubicados fuera de la UE que ofrezcan las garant\u00edas adecuadas (por ejemplo, Google).\n<\/ul>\n<\/div><\/div>\n\n<div class=\"et_pb_divider_5 et_pb_divider et_pb_space et_pb_divider_position_top et_pb_module\"><div class=\"et_pb_divider_internal\"><\/div><\/div>\n\n<div class=\"et_pb_text_7 et_pb_text et_pb_bg_layout_light et_pb_module et_flex_module\"><div class=\"et_pb_text_inner\"><p class=\"texto_destacado\">7. Derechos del usuario<\/p>\n<p>El usuario puede ejercitar en cualquier momento:<\/p>\n<ul>\n<li>Derecho de acceso<\/li>\n<li>Derecho de rectificaci\u00f3n<\/li>\n<li>Derecho de supresi\u00f3n<\/li>\n<li>Derecho de portabilidad<\/li>\n<li>Derecho a la limitaci\u00f3n del tratamiento<\/li>\n<li>Derecho de oposici\u00f3n<\/li>\n<p>Para ejercerlos, puede escribir a: hola@desdesign.es<\/p>\n<p>Asimismo, puede presentar una reclamaci\u00f3n ante la Agencia Espa\u00f1ola de Protecci\u00f3n de Datos (AEPD).<\/p>\n<p>No se realizan transferencias internacionales de datos, salvo las imprescindibles derivadas de proveedores ubicados fuera de la UE que ofrezcan las garant\u00edas adecuadas (por ejemplo, Google).\n<\/ul>\n<\/div><\/div>\n\n<div class=\"et_pb_divider_6 et_pb_divider et_pb_space et_pb_divider_position_top et_pb_module\"><div class=\"et_pb_divider_internal\"><\/div><\/div>\n\n<div class=\"et_pb_text_8 et_pb_text et_pb_bg_layout_light et_pb_module et_flex_module\"><div class=\"et_pb_text_inner\"><p class=\"texto_destacado\">8. Seguridad de los datos<\/p>\n<p>PartStudio LLC aplica medidas t\u00e9cnicas y organizativas para proteger los datos:<\/p>\n<ul>\n<li>Cifrado SSL<\/li>\n<li>Servidores seguros<\/li>\n<li>Control de accesos<\/li>\n<li>Pol\u00edticas internas de seguridad<\/li>\n<\/ul \n\n<\/div><\/div>\n\n<div class=\"et_pb_divider_7 et_pb_divider et_pb_space et_pb_divider_position_top et_pb_module\"><div class=\"et_pb_divider_internal\"><\/div><\/div>\n\n<div class=\"et_pb_text_9 et_pb_text et_pb_bg_layout_light et_pb_module et_flex_module\"><div class=\"et_pb_text_inner\"><p class=\"texto_destacado\">9. Cambios en esta pol\u00edtica<\/p>\n<p>PartStudio LLC podr\u00e1 modificar esta pol\u00edtica en cualquier momento. Las actualizaciones se publicar\u00e1n en esta misma p\u00e1gina.<\/p>\n<\/div><\/div>\n<\/div>\n<\/div>\n<\/div>","protected":false},"excerpt":{"rendered":"","protected":false},"author":1,"featured_media":0,"parent":0,"menu_order":0,"comment_status":"closed","ping_status":"closed","template":"","meta":{"footnotes":""},"class_list":["post-328","page","type-page","status-publish","hentry"],"_links":{"self":[{"href":"https:\/\/desdesign.es\/index.php\/wp-json\/wp\/v2\/pages\/328","targetHints":{"allow":["GET"]}}],"collection":[{"href":"https:\/\/desdesign.es\/index.php\/wp-json\/wp\/v2\/pages"}],"about":[{"href":"https:\/\/desdesign.es\/index.php\/wp-json\/wp\/v2\/types\/page"}],"author":[{"embeddable":true,"href":"https:\/\/desdesign.es\/index.php\/wp-json\/wp\/v2\/users\/1"}],"replies":[{"embeddable":true,"href":"https:\/\/desdesign.es\/index.php\/wp-json\/wp\/v2\/comments?post=328"}],"version-history":[{"count":22,"href":"https:\/\/desdesign.es\/index.php\/wp-json\/wp\/v2\/pages\/328\/revisions"}],"predecessor-version":[{"id":358,"href":"https:\/\/desdesign.es\/index.php\/wp-json\/wp\/v2\/pages\/328\/revisions\/358"}],"wp:attachment":[{"href":"https:\/\/desdesign.es\/index.php\/wp-json\/wp\/v2\/media?parent=328"}],"curies":[{"name":"wp","href":"https:\/\/api.w.org\/{rel}","templated":true}]}}